**2 - 2*t - 9. Let m be g(-2). Let q = m - o. What is the tens digit of q?
4
Suppose -2*d + 325 = 3*c, 0 = -2*c - 5*d + 9*d + 238. What is the units digit of c?
1
Let a be (-632)/(-88) - 2/11. Suppose i = -a - 0. Let w = 26 + i. What is the units digit of w?
9
Let z = -9 + 6. Let y(x) = -2*x**3 - 2*x**2 + 6*x. What is the tens digit of y(z)?
1
Let a(o) = 59*o - 3. Let c be a(-11). What is the tens digit of c/(-10) - 1/5?
6
Let p = 4144 - 983. What is the tens digit of p?
6
What is the tens digit of (6/12)/((-2)/(-5388))?
4
Suppose 0 = -11*c + 24*c - 13013. What is the thousands digit of c?
1
Let k = -33 + 37. Suppose -g - 2*m + 0*m = -68, -4*g = k*m - 256. What is the units digit of g?
0
Let h(f) = 2*f**2 - 133*f + 274. What is the hundreds digit of h(89)?
2
Let j(b) = b**3 + 7*b**2 + 4*b - 7. Let n be j(-6). Suppose 0*d + n*d = -30. What is the units digit of 21 + d*(-4)/(-8)?
8
What is the hundreds digit of (864/(-28))/12*3360/(-9)?
9
Let x = 0 + 10. Let a = 74 - x. What is the tens digit of a?
6
Let r(b) = 274*b**2 - 21*b + 39. What is the thousands digit of r(3)?
2
Let f = 85 + -76. Suppose 0 = f*p - 5*p - 5*x - 809, 0 = -3*x + 9. What is the hundreds digit of p?
2
Let p(n) = n**3 + 10*n**2 + 16*n. Let a be p(-8). Suppose 15*d - 13*d - 244 = a. What is the tens digit of d?
2
Let a(m) = -m + 12. Let c be a(6). Let s = -8 - -12. Suppose -c - 2 = -s*h. What is the units digit of h?
2
Suppose -b + 2*o = 84, 4*o - 3*o + 238 = -3*b. Let u = b + 133. What is the units digit of u?
3
Let v = -587 - -1541. What is the units digit of v?
4
Let s(j) = 20*j**3 - 2*j + 1. Let k be s(1). Let m = -5 + k. Let h = 18 + m. What is the tens digit of h?
3
Let y = 8 - -7. What is the units digit of (-84)/(y/6 - 4)?
6
Suppose t - 5*z = -2*z + 5, 2*t = -2*z - 6. Let v(b) = -49*b - 3. What is the tens digit of v(t)?
4
Let d be ((-1)/(-2))/(3/(-66)). Let l = 18 + d. Suppose -4*y + y = 4*c - 54, -y + l = 5*c. What is the tens digit of y?
2
Let s = 15 - 9. Suppose s*t = 3*t + 12. Suppose -t*j + 65 = -27. What is the units digit of j?
3
Let o(s) = s**2 - 4*s + 4. Let r be o(5). Let w be 3 + (28*r)/4. Suppose -4*k + w = d, 11 = 3*k + 2*d - 36. What is the tens digit of k?
1
Let g(h) = -6*h**2 - 31*h - 50. Let z(d) = 2*d**2 + 10*d + 17. Let v(s) = -3*g(s) - 8*z(s). What is the tens digit of v(-8)?
3
Let n(q) = -21*q + 20. Let w(s) = 43*s - 39. Let r(d) = 11*n(d) + 6*w(d). What is the tens digit of r(5)?
2
Suppose 0 = 43*s - 39*s - 400. Suppose -2*n - 139 = -5*n - 5*h, -2*n + 4*h = -s. What is the units digit of n?
8
Let v(l) = 19*l - 3. Let n be v(2). Suppose -4*s = -82 - 206. Let i = s - n. What is the tens digit of i?
3
Let d be (-3 + 3 - -2) + 3. Let c = d + -5. Let i = c - -1. What is the units digit of i?
1
Let i = -19 - -34. What is the tens digit of ((-78)/i*-3)/(4/10)?
3
Let c = 54 - 25. Let j = c + 30. What is the units digit of j?
9
Suppose -5*o = d - 132, 2*o - 2*d + 21 = 3*o. Suppose o = -3*w + 744. What is the units digit of w?
9
Let f(z) = -z - 8. Let c be f(-8). Let r = c - 0. Suppose r = -4*p + 2*h + 100, 0 = 3*p - 7*h + 2*h - 61. What is the tens digit of p?
2
Let u(q) = 3*q - 1. Let o be u(5). Let s = 20 - o. Suppose 5*p = s - 1. What is the units digit of p?
1
Let n(m) = 2*m**2 + m - 2. Let a be 1*2 - (-6 + 10). Let r be n(a). Suppose -4*y + 175 = 5*p - 9*y, 46 = 2*p + r*y. What is the tens digit of p?
3
Suppose 24*i - 20*i = 404. What is the hundreds digit of i?
1
Suppose -2*r + 24 = 2*r. Let l(z) = 5*z - 12. What is the tens digit of l(r)?
1
Suppose 3*z + 0*z - 45 = 0. Let b(f) = -f**3 + 14*f**2 + 16*f - 11. Let p be b(z). Suppose -m + 87 = 4*w, p*w - 93 = -w + 4*m. What is the units digit of w?
1
Let l = 274 + -106. What is the hundreds digit of l?
1
Let n be 9/(-6) + (-111)/(-6). Suppose -v + n + 242 = 0. Suppose -2*m + v = 5*m. What is the units digit of m?
7
Let h(w) = w**3 + 26*w**2 - 26*w + 41. What is the tens digit of h(-20)?
6
Let q be (-1)/3 - 150/(-45). What is the tens digit of q/(-7) - (-14448)/98?
4
Suppose 3815 = 7*r + 1589. What is the units digit of r?
8
Let w(k) = -k**3 + 4*k**2 - 6. Let u be w(-6). Let r = u + -122. What is the units digit of r?
2
Suppose 42*d = 41*d. Suppose 0*p = -r - 4*p + 14, d = 4*r - 2*p - 20. What is the units digit of r?
6
Let d(l) = l**3 + 2*l**2 + 2*l - 1. Let n be (-10)/55 + 24/11. What is the units digit of d(n)?
9
Suppose 43*o - 83059 + 27073 = 0. What is the thousands digit of o?
1
Let k = 441 - 216. What is the units digit of k?
5
Suppose 3107 = -11*n + 15*n + 5*g, 4*n = -g + 3111. What is the units digit of n?
8
Suppose -5*h - v = -12807, -25*h + 24*h - 2*v = -2565. What is the units digit of h?
1
Suppose 0 = -3*w + 5*z + 5, 5*w + 2*z - 19 = 2*w. Suppose -w*p = -10 - 0. Suppose p*i - 4*i - 4*t = -120, 4*i + 4*t - 228 = 0. What is the units digit of i?
4
Suppose -m - 4*m - 5*o + 50 = 0, 4*o = 0. Let j = m + -5. Suppose -26 = 3*p - j*p. What is the units digit of p?
3
Let q = -46 - -167. Suppose -4*h = 5 - q. What is the tens digit of h?
2
Suppose -2655 = -5*i + 2*k, -2*k + 3*k - 531 = -i. Let q = -334 + i. What is the units digit of q?
7
Suppose -5*u - 5 = 2*h + 2*h, -h + 5*u = -5. Suppose 0 = -n - h*n + 120. Suppose 3*x - x - n = 3*b, -3*b + 165 = 3*x. What is the tens digit of x?
5
Suppose -5*y = -y + n - 1463, -y + 361 = 5*n. What is the hundreds digit of y?
3
Let c(u) = 199*u - 173. What is the units digit of c(3)?
4
Suppose 0 = -10*d - 2090 + 10380. What is the hundreds digit of d?
8
Let f be 3*1 - (-12 + 14). Suppose 0 = q - 3*i - f, 0 = q - 9*i + 4*i - 3. Let d(b) = 8*b**2 + 2*b - 2. What is the tens digit of d(q)?
2
Let p(z) = -z**2 + 20*z + 18. Let f be p(21). Let r(t) = -17*t + 13. What is the units digit of r(f)?
4
Suppose -17*f + 12887 + 20603 = 0. What is the units digit of f?
0
Let c(d) = 45*d + 290 - 133 - 147. What is the hundreds digit of c(5)?
2
Let k(t) = 108*t**2 + 9*t - 22. What is the units digit of k(2)?
8
Let g be 9/6 - 15/2. Let w be 5 - (-5)/(10/g). Suppose 5*y = w*z + 16, 5*z - y = -0*y + 6. What is the units digit of z?
2
What is the hundreds digit of -6*(12291/2)/(-17)?
1
Let d = -552 - -1390. What is the units digit of d?
8
Let t be (18/7)/((-18)/84). Let p = t + 17. Suppose p*y - 99 = -4*n + n, 0 = 3*y + 2*n - 59. What is the units digit of y?
1
Suppose 19 = -5*r - 6. Let y(o) = -o**3 - 3*o + 0 + 2*o**3 - 1 + 5*o**2 + 4. What is the units digit of y(r)?
8
Let i = -8 - -20. Suppose -2*g - g + i = 0. Suppose 4*k + 2 = 6, -g*o = -3*k - 69. What is the tens digit of o?
1
Let t = 2040 + -151. What is the units digit of t?
9
Suppose 51*s - 36*s - 70500 = 0. What is the hundreds digit of s?
7
Let q(t) = -14*t - 2. Let m(a) = 5*a + 1. Let o be m(-2). What is the hundreds digit of q(o)?
1
Let m = -7 + 6. Let v = 3 - m. What is the units digit of -2 - (-148)/v - 1?
4
Let z = 135 + 224. What is the units digit of z?
9
Let c = 2035 + 776. What is the tens digit of c?
1
Suppose 130*o = 123*o + 3129. What is the hundreds digit of o?
4
What is the units digit of (15/6)/(120/170928)?
1
Let n = -125 - -123. Let f(a) = -22*a**3 - a**2 - 5*a - 2. What is the hundreds digit of f(n)?
1
Suppose 3*b - 12 = -3*b. Suppose 69 = b*h + 15. What is the tens digit of h?
2
What is the units digit of ((-3)/(-2) - 0)/(24/13904)?
9
Suppose 4*w + 2*j - 1532 = 0, 0*w + 1151 = 3*w + 2*j. What is the units digit of w?
1
Let p be 20/6*(-108)/(-90). What is the tens digit of 2/p - ((-572)/8 + 2)?
7
Let g(k) = -k**2 - 16. Let l be g(0). Let s = -15 - l. What is the units digit of s?
1
Let m(a) = -a**3 - 11*a**2 - 8*a + 7. Suppose 34 = -3*v - g, 3*v + 0*g = 5*g - 10. Let y be m(v). Let h = -8 - y. What is the units digit of h?
5
Let i be 6/(-4)*2/(-3). What is the tens digit of (i - 3)*296/(-16)?
3
Let j(v) = v**3 + 6*v**2 + v + 11. What is the tens digit of j(-4)?
3
Suppose 0 = 1178*x - 1171*x - 7756. What is the hundreds digit of x?
1
Let v = -12 - -20. Let o be v/(-4) + 0 - -6. Suppose c - o = 34. What is the tens digit of c?
3
Let k(f) = f**3 - 6*f**2 + 4*f + 5. Let a be k(5). Suppose a = 6*h - h - 4*q - 206, -5*h = -q - 209. What is the tens digit of h?
4
Let i be 2/14*-4*28/(-8). Suppose 0 = 3*l + 4*v - 21, -4*v = i*l - v - 13. What is the tens digit of l?
1
Suppose -7*l = 7*l - 2324. Suppose 0 = -2*